{"id":123,"date":"2016-03-14T20:29:17","date_gmt":"2016-03-14T19:29:17","guid":{"rendered":"http:\/\/www.oeag-astrologie.at\/astro\/?post_type=tribe_events&#038;p=123"},"modified":"2016-04-20T10:39:53","modified_gmt":"2016-04-20T08:39:53","slug":"die-fluechtlingskrise","status":"publish","type":"tribe_events","link":"https:\/\/www.oeag-astrologie.at\/astro\/event\/die-fluechtlingskrise","title":{"rendered":"DIE FL\u00dcCHTLINGSKRISE"},"content":{"rendered":"<div class=\"page\" title=\"Page 1\">\n<div class=\"layoutArea\">\n<div class=\"column\">\nIng. Elisabeth Selzer (Wien)<\/p>\n<\/div>\n<p>&nbsp;<\/p>\n<p>Vortrag:<strong>\u00a0<\/strong><strong>\u201eDie Fl\u00fcchtlingskrise\u201c \u2013\u00a0<\/strong><strong>ein Rendezvous mit der Globalisierung \u2013\u00a0<\/strong><strong>ob uns diese Begegnung nun gef\u00e4llt oder nicht.\u00a0<\/strong>Ing. Elisabeth Selzer (Wien)<\/p>\n<p>Der Arabische Fr\u00fchling nahm im Dezember 2010 seinen Ausgang mit der Selbstverbrennung<\/p>\n<p>eines tunesischen Gem\u00fcseh\u00e4ndlers als Protest gegen das herrschende Staatsoberhaupt.<\/p>\n<p>Die landesweiten Massenunruhen griffen in den n\u00e4chsten Monaten auf etliche Staaten in Nordafrika<\/p>\n<p>sowie auf den Nahen Osten \u00fcber.<\/p>\n<p>Daraus entwickelte sich auch unter anderem der B\u00fcrgerkrieg in Syrien,\u00a0wodurch letztendlich<\/p>\n<p>ein gro\u00dfr\u00e4umiger Fl\u00fcchtlingsstrom nach Europa einsetzte, dessen\u00a0H\u00f6hepunkt erstmals im<\/p>\n<p>September 2015 erreicht wurde\u00a0 Diese Massenbewegung riss die EU in eine, bis jetzt noch<\/p>\n<p>nicht gel\u00f6ste Problematik.<\/p>\n<p>&nbsp;<\/p>\n<\/div>\n<\/div>\n","protected":false},"excerpt":{"rendered":"<p>Ing. Elisabeth Selzer (Wien) &nbsp; Vortrag:\u00a0\u201eDie Fl\u00fcchtlingskrise\u201c \u2013\u00a0ein Rendezvous mit der Globalisierung \u2013\u00a0ob uns diese Begegnung nun gef\u00e4llt oder nicht.\u00a0Ing. Elisabeth Selzer (Wien) Der Arabische Fr\u00fchling nahm im Dezember 2010 &hellip; <a href=\"https:\/\/www.oeag-astrologie.at\/astro\/event\/die-fluechtlingskrise\" class=\"more-link\"><span class=\"screen-reader-text\">DIE FL\u00dcCHTLINGSKRISE<\/span> weiterlesen <span class=\"meta-nav\">&rarr;<\/span><\/a><\/p>\n","protected":false},"author":2,"featured_media":0,"template":"","meta":{"_tribe_events_status":"","_tribe_events_status_reason":"","footnotes":""},"tags":[],"tribe_events_cat":[],"class_list":["post-123","tribe_events","type-tribe_events","status-publish","hentry"],"yoast_head":"<!-- This site is optimized with the Yoast SEO plugin v27.5 - https:\/\/yoast.com\/product\/yoast-seo-wordpress\/ -->\n<title>DIE FL\u00dcCHTLINGSKRISE - \u00d6sterreichische Astrologische Gesellschaft<\/title>\n<meta name=\"robots\" content=\"index, follow, max-snippet:-1, max-image-preview:large, max-video-preview:-1\" \/>\n<link rel=\"canonical\" href=\"https:\/\/www.oeag-astrologie.at\/astro\/event\/die-fluechtlingskrise\" \/>\n<meta property=\"og:locale\" content=\"de_DE\" \/>\n<meta property=\"og:type\" content=\"article\" \/>\n<meta property=\"og:title\" content=\"DIE FL\u00dcCHTLINGSKRISE - \u00d6sterreichische Astrologische Gesellschaft\" \/>\n<meta property=\"og:description\" content=\"Ing. Elisabeth Selzer (Wien) &nbsp; Vortrag:\u00a0\u201eDie Fl\u00fcchtlingskrise\u201c \u2013\u00a0ein Rendezvous mit der Globalisierung \u2013\u00a0ob uns diese Begegnung nun gef\u00e4llt oder nicht.\u00a0Ing. Elisabeth Selzer (Wien) Der Arabische Fr\u00fchling nahm im Dezember 2010 &hellip; DIE FL\u00dcCHTLINGSKRISE weiterlesen &rarr;\" \/>\n<meta property=\"og:url\" content=\"https:\/\/www.oeag-astrologie.at\/astro\/event\/die-fluechtlingskrise\" \/>\n<meta property=\"og:site_name\" content=\"\u00d6sterreichische Astrologische Gesellschaft\" \/>\n<meta property=\"article:modified_time\" content=\"2016-04-20T08:39:53+00:00\" \/>\n<meta name=\"twitter:card\" content=\"summary_large_image\" \/>\n<meta name=\"twitter:label1\" content=\"Gesch\u00e4tzte Lesezeit\" \/>\n\t<meta name=\"twitter:data1\" content=\"1\u00a0Minute\" \/>\n<script type=\"application\/ld+json\" class=\"yoast-schema-graph\">{\"@context\":\"https:\\\/\\\/schema.org\",\"@graph\":[{\"@type\":\"WebPage\",\"@id\":\"https:\\\/\\\/www.oeag-astrologie.at\\\/astro\\\/event\\\/die-fluechtlingskrise\",\"url\":\"https:\\\/\\\/www.oeag-astrologie.at\\\/astro\\\/event\\\/die-fluechtlingskrise\",\"name\":\"DIE FL\u00dcCHTLINGSKRISE - \u00d6sterreichische Astrologische Gesellschaft\",\"isPartOf\":{\"@id\":\"https:\\\/\\\/www.oeag-astrologie.at\\\/astro\\\/#website\"},\"datePublished\":\"2016-03-14T19:29:17+00:00\",\"dateModified\":\"2016-04-20T08:39:53+00:00\",\"breadcrumb\":{\"@id\":\"https:\\\/\\\/www.oeag-astrologie.at\\\/astro\\\/event\\\/die-fluechtlingskrise#breadcrumb\"},\"inLanguage\":\"de\",\"potentialAction\":[{\"@type\":\"ReadAction\",\"target\":[\"https:\\\/\\\/www.oeag-astrologie.at\\\/astro\\\/event\\\/die-fluechtlingskrise\"]}]},{\"@type\":\"BreadcrumbList\",\"@id\":\"https:\\\/\\\/www.oeag-astrologie.at\\\/astro\\\/event\\\/die-fluechtlingskrise#breadcrumb\",\"itemListElement\":[{\"@type\":\"ListItem\",\"position\":1,\"name\":\"Home\",\"item\":\"https:\\\/\\\/www.oeag-astrologie.at\\\/astro\"},{\"@type\":\"ListItem\",\"position\":2,\"name\":\"Veranstaltungen\",\"item\":\"https:\\\/\\\/www.oeag-astrologie.at\\\/astro\\\/events\\\/\"},{\"@type\":\"ListItem\",\"position\":3,\"name\":\"DIE FL\u00dcCHTLINGSKRISE\"}]},{\"@type\":\"WebSite\",\"@id\":\"https:\\\/\\\/www.oeag-astrologie.at\\\/astro\\\/#website\",\"url\":\"https:\\\/\\\/www.oeag-astrologie.at\\\/astro\\\/\",\"name\":\"\u00d6sterreichische Astrologische Gesellschaft\",\"description\":\"\",\"publisher\":{\"@id\":\"https:\\\/\\\/www.oeag-astrologie.at\\\/astro\\\/#organization\"},\"potentialAction\":[{\"@type\":\"SearchAction\",\"target\":{\"@type\":\"EntryPoint\",\"urlTemplate\":\"https:\\\/\\\/www.oeag-astrologie.at\\\/astro\\\/?s={search_term_string}\"},\"query-input\":{\"@type\":\"PropertyValueSpecification\",\"valueRequired\":true,\"valueName\":\"search_term_string\"}}],\"inLanguage\":\"de\"},{\"@type\":\"Organization\",\"@id\":\"https:\\\/\\\/www.oeag-astrologie.at\\\/astro\\\/#organization\",\"name\":\"\u00d6sterreichisch Astrologische Gesellschaft\",\"url\":\"https:\\\/\\\/www.oeag-astrologie.at\\\/astro\\\/\",\"logo\":{\"@type\":\"ImageObject\",\"inLanguage\":\"de\",\"@id\":\"https:\\\/\\\/www.oeag-astrologie.at\\\/astro\\\/#\\\/schema\\\/logo\\\/image\\\/\",\"url\":\"https:\\\/\\\/www.oeag-astrologie.at\\\/astro\\\/wp-content\\\/uploads\\\/2015\\\/10\\\/Bildschirmfoto-2015-10-22-um-09.40.58.png\",\"contentUrl\":\"https:\\\/\\\/www.oeag-astrologie.at\\\/astro\\\/wp-content\\\/uploads\\\/2015\\\/10\\\/Bildschirmfoto-2015-10-22-um-09.40.58.png\",\"width\":512,\"height\":512,\"caption\":\"\u00d6sterreichisch Astrologische Gesellschaft\"},\"image\":{\"@id\":\"https:\\\/\\\/www.oeag-astrologie.at\\\/astro\\\/#\\\/schema\\\/logo\\\/image\\\/\"}}]}<\/script>\n<!-- \/ Yoast SEO plugin. -->","yoast_head_json":{"title":"DIE FL\u00dcCHTLINGSKRISE - \u00d6sterreichische Astrologische Gesellschaft","robots":{"index":"index","follow":"follow","max-snippet":"max-snippet:-1","max-image-preview":"max-image-preview:large","max-video-preview":"max-video-preview:-1"},"canonical":"https:\/\/www.oeag-astrologie.at\/astro\/event\/die-fluechtlingskrise","og_locale":"de_DE","og_type":"article","og_title":"DIE FL\u00dcCHTLINGSKRISE - \u00d6sterreichische Astrologische Gesellschaft","og_description":"Ing. Elisabeth Selzer (Wien) &nbsp; Vortrag:\u00a0\u201eDie Fl\u00fcchtlingskrise\u201c \u2013\u00a0ein Rendezvous mit der Globalisierung \u2013\u00a0ob uns diese Begegnung nun gef\u00e4llt oder nicht.\u00a0Ing. Elisabeth Selzer (Wien) Der Arabische Fr\u00fchling nahm im Dezember 2010 &hellip; DIE FL\u00dcCHTLINGSKRISE weiterlesen &rarr;","og_url":"https:\/\/www.oeag-astrologie.at\/astro\/event\/die-fluechtlingskrise","og_site_name":"\u00d6sterreichische Astrologische Gesellschaft","article_modified_time":"2016-04-20T08:39:53+00:00","twitter_card":"summary_large_image","twitter_misc":{"Gesch\u00e4tzte Lesezeit":"1\u00a0Minute"},"schema":{"@context":"https:\/\/schema.org","@graph":[{"@type":"WebPage","@id":"https:\/\/www.oeag-astrologie.at\/astro\/event\/die-fluechtlingskrise","url":"https:\/\/www.oeag-astrologie.at\/astro\/event\/die-fluechtlingskrise","name":"DIE FL\u00dcCHTLINGSKRISE - \u00d6sterreichische Astrologische Gesellschaft","isPartOf":{"@id":"https:\/\/www.oeag-astrologie.at\/astro\/#website"},"datePublished":"2016-03-14T19:29:17+00:00","dateModified":"2016-04-20T08:39:53+00:00","breadcrumb":{"@id":"https:\/\/www.oeag-astrologie.at\/astro\/event\/die-fluechtlingskrise#breadcrumb"},"inLanguage":"de","potentialAction":[{"@type":"ReadAction","target":["https:\/\/www.oeag-astrologie.at\/astro\/event\/die-fluechtlingskrise"]}]},{"@type":"BreadcrumbList","@id":"https:\/\/www.oeag-astrologie.at\/astro\/event\/die-fluechtlingskrise#breadcrumb","itemListElement":[{"@type":"ListItem","position":1,"name":"Home","item":"https:\/\/www.oeag-astrologie.at\/astro"},{"@type":"ListItem","position":2,"name":"Veranstaltungen","item":"https:\/\/www.oeag-astrologie.at\/astro\/events\/"},{"@type":"ListItem","position":3,"name":"DIE FL\u00dcCHTLINGSKRISE"}]},{"@type":"WebSite","@id":"https:\/\/www.oeag-astrologie.at\/astro\/#website","url":"https:\/\/www.oeag-astrologie.at\/astro\/","name":"\u00d6sterreichische Astrologische Gesellschaft","description":"","publisher":{"@id":"https:\/\/www.oeag-astrologie.at\/astro\/#organization"},"potentialAction":[{"@type":"SearchAction","target":{"@type":"EntryPoint","urlTemplate":"https:\/\/www.oeag-astrologie.at\/astro\/?s={search_term_string}"},"query-input":{"@type":"PropertyValueSpecification","valueRequired":true,"valueName":"search_term_string"}}],"inLanguage":"de"},{"@type":"Organization","@id":"https:\/\/www.oeag-astrologie.at\/astro\/#organization","name":"\u00d6sterreichisch Astrologische Gesellschaft","url":"https:\/\/www.oeag-astrologie.at\/astro\/","logo":{"@type":"ImageObject","inLanguage":"de","@id":"https:\/\/www.oeag-astrologie.at\/astro\/#\/schema\/logo\/image\/","url":"https:\/\/www.oeag-astrologie.at\/astro\/wp-content\/uploads\/2015\/10\/Bildschirmfoto-2015-10-22-um-09.40.58.png","contentUrl":"https:\/\/www.oeag-astrologie.at\/astro\/wp-content\/uploads\/2015\/10\/Bildschirmfoto-2015-10-22-um-09.40.58.png","width":512,"height":512,"caption":"\u00d6sterreichisch Astrologische Gesellschaft"},"image":{"@id":"https:\/\/www.oeag-astrologie.at\/astro\/#\/schema\/logo\/image\/"}}]}},"_links":{"self":[{"href":"https:\/\/www.oeag-astrologie.at\/astro\/wp-json\/wp\/v2\/tribe_events\/123","targetHints":{"allow":["GET"]}}],"collection":[{"href":"https:\/\/www.oeag-astrologie.at\/astro\/wp-json\/wp\/v2\/tribe_events"}],"about":[{"href":"https:\/\/www.oeag-astrologie.at\/astro\/wp-json\/wp\/v2\/types\/tribe_events"}],"author":[{"embeddable":true,"href":"https:\/\/www.oeag-astrologie.at\/astro\/wp-json\/wp\/v2\/users\/2"}],"version-history":[{"count":0,"href":"https:\/\/www.oeag-astrologie.at\/astro\/wp-json\/wp\/v2\/tribe_events\/123\/revisions"}],"wp:attachment":[{"href":"https:\/\/www.oeag-astrologie.at\/astro\/wp-json\/wp\/v2\/media?parent=123"}],"wp:term":[{"taxonomy":"post_tag","embeddable":true,"href":"https:\/\/www.oeag-astrologie.at\/astro\/wp-json\/wp\/v2\/tags?post=123"},{"taxonomy":"tribe_events_cat","embeddable":true,"href":"https:\/\/www.oeag-astrologie.at\/astro\/wp-json\/wp\/v2\/tribe_events_cat?post=123"}],"curies":[{"name":"wp","href":"https:\/\/api.w.org\/{rel}","templated":true}]}}

DIE FLÜCHTLINGSKRISE

<div class="page" title="Page 1">
<div class="layoutArea">
<div class="column">
Ing. Elisabeth Selzer (Wien)</p>
</div>
<p>&nbsp;</p>
<p>Vortrag:<strong> </strong><strong>„Die Flüchtlingskrise“ – </strong><strong>ein Rendezvous mit der Globalisierung – </strong><strong>ob uns diese Begegnung nun gefällt oder nicht. </strong>Ing. Elisabeth Selzer (Wien)</p>
<p>Der Arabische Frühling nahm im Dezember 2010 seinen Ausgang mit der Selbstverbrennung</p>
<p>eines tunesischen Gemüsehändlers als Protest gegen das herrschende Staatsoberhaupt.</p>
<p>Die landesweiten Massenunruhen griffen in den nächsten Monaten auf etliche Staaten in Nordafrika</p>
<p>sowie auf den Nahen Osten über.</p>
<p>Daraus entwickelte sich auch unter anderem der Bürgerkrieg in Syrien, wodurch letztendlich</p>
<p>ein großräumiger Flüchtlingsstrom nach Europa einsetzte, dessen Höhepunkt erstmals im</p>
<p>September 2015 erreicht wurde  Diese Massenbewegung riss die EU in eine, bis jetzt noch</p>
<p>nicht gelöste Problematik.</p>
<p>&nbsp;</p>
</div>
</div>

<p>Ing. Elisabeth Selzer (Wien) &nbsp; Vortrag: „Die Flüchtlingskrise“ – ein Rendezvous mit der Globalisierung – ob uns diese Begegnung nun gefällt oder nicht. Ing. Elisabeth Selzer (Wien) Der Arabische Frühling nahm im Dezember 2010 &hellip; <a href="https://www.oeag-astrologie.at/astro/event/die-fluechtlingskrise" class="more-link"><span class="screen-reader-text">DIE FLÜCHTLINGSKRISE</span> weiterlesen <span class="meta-nav">&rarr;</span></a></p>

<!-- This site is optimized with the Yoast SEO plugin v27.5 - https://yoast.com/product/yoast-seo-wordpress/ -->
<title>DIE FLÜCHTLINGSKRISE - Österreichische Astrologische Gesellschaft</title>
<meta name="robots" content="index, follow, max-snippet:-1, max-image-preview:large, max-video-preview:-1" />
<link rel="canonical" href="https://www.oeag-astrologie.at/astro/event/die-fluechtlingskrise" />
<meta property="og:locale" content="de_DE" />
<meta property="og:type" content="article" />
<meta property="og:title" content="DIE FLÜCHTLINGSKRISE - Österreichische Astrologische Gesellschaft" />
<meta property="og:description" content="Ing. Elisabeth Selzer (Wien) &nbsp; Vortrag: „Die Flüchtlingskrise“ – ein Rendezvous mit der Globalisierung – ob uns diese Begegnung nun gefällt oder nicht. Ing. Elisabeth Selzer (Wien) Der Arabische Frühling nahm im Dezember 2010 &hellip; DIE FLÜCHTLINGSKRISE weiterlesen &rarr;" />
<meta property="og:url" content="https://www.oeag-astrologie.at/astro/event/die-fluechtlingskrise" />
<meta property="og:site_name" content="Österreichische Astrologische Gesellschaft" />
<meta property="article:modified_time" content="2016-04-20T08:39:53+00:00" />
<meta name="twitter:card" content="summary_large_image" />
<meta name="twitter:label1" content="Geschätzte Lesezeit" />
	<meta name="twitter:data1" content="1 Minute" />
<script type="application/ld+json" class="yoast-schema-graph">{"@context":"https:\/\/schema.org","@graph":[{"@type":"WebPage","@id":"https:\/\/www.oeag-astrologie.at\/astro\/event\/die-fluechtlingskrise","url":"https:\/\/www.oeag-astrologie.at\/astro\/event\/die-fluechtlingskrise","name":"DIE FLÜCHTLINGSKRISE - Österreichische Astrologische Gesellschaft","isPartOf":{"@id":"https:\/\/www.oeag-astrologie.at\/astro\/#website"},"datePublished":"2016-03-14T19:29:17+00:00","dateModified":"2016-04-20T08:39:53+00:00","breadcrumb":{"@id":"https:\/\/www.oeag-astrologie.at\/astro\/event\/die-fluechtlingskrise#breadcrumb"},"inLanguage":"de","potentialAction":[{"@type":"ReadAction","target":["https:\/\/www.oeag-astrologie.at\/astro\/event\/die-fluechtlingskrise"]}]},{"@type":"BreadcrumbList","@id":"https:\/\/www.oeag-astrologie.at\/astro\/event\/die-fluechtlingskrise#breadcrumb","itemListElement":[{"@type":"ListItem","position":1,"name":"Home","item":"https:\/\/www.oeag-astrologie.at\/astro"},{"@type":"ListItem","position":2,"name":"Veranstaltungen","item":"https:\/\/www.oeag-astrologie.at\/astro\/events\/"},{"@type":"ListItem","position":3,"name":"DIE FLÜCHTLINGSKRISE"}]},{"@type":"WebSite","@id":"https:\/\/www.oeag-astrologie.at\/astro\/#website","url":"https:\/\/www.oeag-astrologie.at\/astro\/","name":"Österreichische Astrologische Gesellschaft","description":"","publisher":{"@id":"https:\/\/www.oeag-astrologie.at\/astro\/#organization"},"potentialAction":[{"@type":"SearchAction","target":{"@type":"EntryPoint","urlTemplate":"https:\/\/www.oeag-astrologie.at\/astro\/?s={search_term_string}"},"query-input":{"@type":"PropertyValueSpecification","valueRequired":true,"valueName":"search_term_string"}}],"inLanguage":"de"},{"@type":"Organization","@id":"https:\/\/www.oeag-astrologie.at\/astro\/#organization","name":"Österreichisch Astrologische Gesellschaft","url":"https:\/\/www.oeag-astrologie.at\/astro\/","logo":{"@type":"ImageObject","inLanguage":"de","@id":"https:\/\/www.oeag-astrologie.at\/astro\/#\/schema\/logo\/image\/","url":"https:\/\/www.oeag-astrologie.at\/astro\/wp-content\/uploads\/2015\/10\/Bildschirmfoto-2015-10-22-um-09.40.58.png","contentUrl":"https:\/\/www.oeag-astrologie.at\/astro\/wp-content\/uploads\/2015\/10\/Bildschirmfoto-2015-10-22-um-09.40.58.png","width":512,"height":512,"caption":"Österreichisch Astrologische Gesellschaft"},"image":{"@id":"https:\/\/www.oeag-astrologie.at\/astro\/#\/schema\/logo\/image\/"}}]}</script>
<!-- / Yoast SEO plugin. -->

DIE FLÜCHTLINGSKRISE - Österreichische Astrologische Gesellschaft

Ing. Elisabeth Selzer (Wien) &nbsp; Vortrag: „Die Flüchtlingskrise“ – ein Rendezvous mit der Globalisierung – ob uns diese Begegnung nun gefällt oder nicht. Ing. Elisabeth Selzer (Wien) Der Arabische Frühling nahm im Dezember 2010 &hellip; DIE FLÜCHTLINGSKRISE weiterlesen &rarr;

Österreichische Astrologische Gesellschaft

Österreichisch Astrologische Gesellschaft
